llions digit of 2982289?
2
What is the hundreds digit of 727847?
8
What is the hundreds digit of 212892?
8
What is the thousands digit of 12153927?
3
What is the hundred thousands digit of 258708?
2
What is the thousands digit of 4172195?
2
What is the tens digit of 170057?
5
What is the hundreds digit of 4536330?
3
What is the hundreds digit of 124357?
3
What is the ten thousands digit of 202881?
0
What is the tens digit of 77554?
5
What is the hundred thousands digit of 18192927?
1
What is the tens digit of 56500?
0
What is the hundreds digit of 179601?
6
What is the hundreds digit of 1317121?
1
What is the tens digit of 1831892?
9
What is the tens digit of 7188266?
6
What is the units digit of 296631?
1
What is the units digit of 145198?
8
What is the ten thousands digit of 7704424?
0
What is the tens digit of 325923?
2
What is the hundreds digit of 885590?
5
What is the ten millions digit of 21888356?
2
What is the hundred thousands digit of 390263?
3
What is the millions digit of 1523395?
1
What is the units digit of 125?
5
What is the hundred thousands digit of 688408?
6
What is the hundreds digit of 1687283?
2
What is the hundred thousands digit of 1403792?
4
What is the hundreds digit of 12568553?
5
What is the hundreds digit of 1345973?
9
What is the ten thousands digit of 75599?
7
What is the hundreds digit of 10492696?
6
What is the thousands digit of 17109992?
9
What is the thousands digit of 4697416?
7
What is the units digit of 1464857?
7
What is the ten millions digit of 16114287?
1
What is the ten thousands digit of 2856165?
5
What is the tens digit of 9224132?
3
What is the units digit of 331057?
7
What is the ten thousands digit of 143214?
4
What is the hundreds digit of 106668?
6
What is the ten thousands digit of 7275337?
7
What is the tens digit of 11288567?
6
What is the thousands digit of 4081042?
1
What is the units digit of 407952?
2
What is the hundred thousands digit of 113405?
1
What is the ten thousands digit of 651548?
5
What is the hundreds digit of 667496?
4
What is the ten thousands digit of 900532?
0
What is the hundreds digit of 74553?
5
What is the hundreds digit of 222408?
4
What is the millions digit of 2791201?
2
What is the hundreds digit of 74362?
3
What is the units digit of 14876195?
5
What is the thousands digit of 987083?
7
What is the tens digit of 623492?
9
What is the tens digit of 16082543?
4
What is the millions digit of 5887836?
5
What is the units digit of 675341?
1
What is the thousands digit of 208600?
8
What is the tens digit of 12614793?
9
What is the hundreds digit of 290660?
6
What is the ten millions digit of 21798683?
2
What is the hundred thousands digit of 110896?
1
What is the ten thousands digit of 20586694?
8
What is the hundred thousands digit of 10624357?
6
What is the hundreds digit of 477512?
5
What is the tens digit of 622748?
4
What is the units digit of 5648345?
5
What is the hundreds digit of 305161?
1
What is the millions digit of 1669044?
1
What is the hundred thousands digit of 10863550?
8
What is the hundreds digit of 493171?
1
What is the hundreds digit of 330676?
6
What is the tens digit of 205417?
1
What is the millions digit of 3715969?
3
What is the ten thousands digit of 10989721?
8
What is the hundreds digit of 183403?
4
What is the ten thousands digit of 899084?
9
What is the ten thousands digit of 460115?
6
What is the ten thousands digit of 698204?
9
What is the units digit of 1417016?
6
What is the thousands digit of 2749532?
9
What is the units digit of 11169698?
8
What is the units digit of 8345192?
2
What is the hundred thousands digit of 25379706?
3
What is the hundreds digit of 212764?
7
What is the hundred thousands digit of 13134362?
1
What is the ten thousands digit of 187369?
8
What is the tens digit of 13476316?
1
What is the hundreds digit of 2470814?
8
What is the hundred thousands digit of 390827?
3
What is the thousands digit of 1639780?
9
What is the thousands digit of 15302695?
2
What is the ten thousands digit of 18073284?
7
What is the hundreds digit of 269955?
9
What is the ten thousands digit of 4675918?
7
What is the thousands digit of 15025403?
5
What is the millions digit of 20164050?
0
What is the units digit of 1262432?
2
What is the hundreds digit of 18882747?
7
What is the hundred thousands digit of 17318771?
3
What is the ten thousands digit of 4947132?
4
What is the tens digit of 424055?
5
What is the ten thousands digit of 126090?
2
What is the hundreds digit of 97880?
8
What is the units digit of 15815755?
5
What is the ten thousands digit of 104315?
0
What is the ten thousands digit of 1700439?
0
What is the millions digit of 39281013?
9
What is the tens digit of 215250?
5
What is the units digit of 17286677?
7
What is the thousands digit of 86664?
6
What is the thousands digit of 791654?
1
What is the hundreds digit of 158906?
9
What is the tens digit of 202556?
5
What is the tens digit of 5542354?
5
What is the units digit of 260596?
6
What is the hundreds digit of 15401?
4
What is the tens digit of 17056087?
8
What is the hundreds digit of 305387?
3
What is the hundred thousands digit of 529703?
5
What is the units digit of 2386628?
8
What is the ten thousands digit of 18617?
1
What is the thousands digit of 819715?
9
What is the ten thousands digit of 5921062?
2
What is the hundreds digit of 216392?
3
What is the units digit of 8813768?
8
What is the thousands digit of 85845?
5
What is the hundred thousands digit of 623736?
6
What is the hundreds digit of 300823?
8
What is the tens digit of 732204?
0
What is the thousands digit of 1010067?
0
What is the hundreds digit of 675050?
0
What is the millions digit of 1846102?
1
What is the hundreds digit of 1210651?
6
What is the hundreds digit of 1722730?
7
What is the ten thousands digit of 2017347?
1
What is the units digit of 4553737?
7
What is the thousands digit of 141976?
1
What is the thousands digit of 3392493?
2
What is the thousands digit of 840383?
0
What is the hundreds digit of 688175?
1
What is the units digit of 8104396?
6
What is the thousands digit of 218303?
8
What is the units digit of 1657972?
2
What is the hundreds digit of 29497?
4
What is the units digit of 575161?
1
What is the hundreds digit of 6530251?
2
What is the hundred thousands digit of 470011?
4
What is the hundred thousands digit of 8989333?
9
What is the tens digit of 1706235?
3
What is the tens digit of 5438396?
9
What is the units digit of 207807?
7
What is the millions digit of 1227683?
1
What is the millions digit of 2104621?
2
What is the thousands digit of 2395945?
5
What is the units digit of 6842318?
8
What is the units digit of 323657?
7
What is the ten thousands digit of 40748382?
4
What is the tens digit of 4382726?
2
What is the ten thousands digit of 10555951?
5
What is the hundreds digit of 192611?
6
What is the units digit of 4402054?
4
What is the thousands digit of 192322?
2
What is the hundreds digit of 2747287?
2
What is the hundreds digit of 8448741?
7
What is the units digit of 299823?
3
What is the millions digit of 2137992?
2
What is the millions digit of 1719048?
1
What is the units digit of 667943?
3
What is the thousands digit of 1819812?
9
What is the millions digit of 2876508?
2
What is the units digit of 5051129?
9
What is the units digit of 138703?
3
What is the ten thousands digit of 214143?
1
What is the units digit of 1747248?
8
What is the units digit of 125725?
5
What is the millions digit of 13089383?
3
What is the tens digit of 322353?
5
What is the tens digit of 201357?
5
What is the hundred thousands digit of 381946?
3
What is the ten thousands digit of 1132598?
3
What is the hundreds digit of 1033585?
5
What is the units digit of 14009196?
6
What is the ten thousands digit of 24597?
2
What is the millions digit of 4575439?
4
What is the units digit of 1745537?
7
What is the thousands digit of 2264535?
4
What is the hundreds digit of 38447?
4
What is the tens digit of 2021849?
4
What is the thousands digit of 282268?
2
What is the tens digit of 708462?
6
What is the tens digit of 650497?
9
What is the tens digit of 441270?
7
What is the ten thousands digit of 158431?
5
What is the units digit of 911790?
0
What is the thousands digit of 5977217?
7
Wha